 is the remainder when 147 is divided by 78?
69
What is the remainder when 43581 is divided by 192?
189
What is the remainder when 49219 is divided by 56?
51
What is the remainder when 6376 is divided by 3182?
12
Calculate the remainder when 1568572 is divided by 2921.
2916
What is the remainder when 1441 is divided by 56?
41
What is the remainder when 9234 is divided by 1053?
810
Calculate the remainder when 2071 is divided by 246.
103
What is the remainder when 5369 is divided by 82?
39
What is the remainder when 13818 is divided by 17?
14
Calculate the remainder when 27382 is divided by 831.
790
What is the remainder when 7590 is divided by 215?
65
Calculate the remainder when 26979 is divided by 139.
13
Calculate the remainder when 31679 is divided by 7919.
3
What is the remainder when 9209 is divided by 214?
7
What is the remainder when 7437 is divided by 20?
17
What is the remainder when 2002 is divided by 941?
120
Calculate the remainder when 41494 is divided by 364.
362
What is the remainder when 248932 is divided by 11853?
19
What is the remainder when 20258 is divided by 20249?
9
What is the remainder when 15826 is divided by 16?
2
What is the remainder when 58748 is divided by 48?
44
Calculate the remainder when 48474 is divided by 94.
64
What is the remainder when 1956 is divided by 620?
96
What is the remainder when 12172 is divided by 192?
76
Calculate the remainder when 4864 is divided by 6.
4
Calculate the remainder when 32419 is divided by 78.
49
What is the remainder when 3375 is divided by 109?
105
Calculate the remainder when 96396 is divided by 317.
28
What is the remainder when 19598 is divided by 18?
14
What is the remainder when 5138 is divided by 1026?
8
What is the remainder when 103697 is divided by 596?
589
What is the remainder when 253123 is divided by 18?
7
Calculate the remainder when 265 is divided by 145.
120
What is the remainder when 41596 is divided by 325?
321
What is the remainder when 2313 is divided by 58?
51
What is the remainder when 522445 is divided by 30731?
18
Calculate the remainder when 7703 is divided by 773.
746
Calculate the remainder when 7295 is divided by 16.
15
Calculate the remainder when 3917 is divided by 826.
613
What is the remainder when 1431 is divided by 624?
183
Calculate the remainder when 71899 is divided by 35932.
35
What is the remainder when 307 is divided by 54?
37
Calculate the remainder when 281395 is divided by 51.
28
Calculate the remainder when 36784 is divided by 180.
64
Calculate the remainder when 19997 is divided by 2856.
5
What is the remainder when 2430 is divided by 749?
183
Calculate the remainder when 123577 is divided by 14.
13
Calculate the remainder when 132807 is divided by 131.
104
Calculate the remainder when 3025 is divided by 92.
81
What is the remainder when 4629 is divided by 19?
12
Calculate the remainder when 6617 is divided by 407.
105
What is the remainder when 19997 is divided by 143?
120
What is the remainder when 999932 is divided by 36?
32
What is the remainder when 2019029 is divided by 930?
929
Calculate the remainder when 322067 is divided by 1695.
17
What is the remainder when 5306 is divided by 1058?
16
What is the remainder when 68151 is divided by 643?
636
What is the remainder when 14242 is divided by 93?
13
Calculate the remainder when 4353 is divided by 33.
30
Calculate the remainder when 17216 is divided by 775.
166
Calculate the remainder when 25607 is divided by 780.
647
Calculate the remainder when 5237 is divided by 1307.
9
Calculate the remainder when 1677182 is divided by 486.
482
What is the remainder when 95226 is divided by 787?
786
Calculate the remainder when 698917 is divided by 346.
343
What is the remainder when 2370 is divided by 80?
50
What is the remainder when 111067 is divided by 55528?
11
Calculate the remainder when 2498 is divided by 1244.
10
Calculate the remainder when 65884 is divided by 21950.
34
What is the remainder when 20438 is divided by 20308?
130
Calculate the remainder when 13788 is divided by 6675.
438
What is the remainder when 233572 is divided by 187?
9
Calculate the remainder when 218891 is divided by 220.
211
Calculate the remainder when 2190569 is divided by 33.
29
What is the remainder when 45788 is divided by 214?
206
What is the remainder when 89665 is divided by 61?
56
Calculate the remainder when 17437 is divided by 387.
22
What is the remainder when 199881 is divided by 133?
115
Calculate the remainder when 7086 is divided by 3.
0
Calculate the remainder when 39542 is divided by 13168.
38
What is the remainder when 23574 is divided by 655?
649
Calculate the remainder when 2009 is divided by 456.
185
Calculate the remainder when 232187 is divided by 80.
27
Calculate the remainder when 807 is divided by 366.
75
Calculate the remainder when 1650563 is divided by 204.
203
What is the remainder when 4103 is divided by 2011?
81
Calculate the remainder when 580523 is divided by 12.
11
What is the remainder when 416 is divided by 104?
0
What is the remainder when 144 is divided by 37?
33
What is the remainder when 9316349 is divided by 67?
66
What is the remainder when 105099 is divided by 4?
3
Calculate the remainder when 219676 is divided by 73216.
28
What is the remainder when 249664 is divided by 570?
4
What is the remainder when 2110510 is divided by 31?
30
Calculate the remainder when 1779 is divided by 550.
129
What is the remainder when 31790 is divided by 16?
14
What is the remainder when 158112 is divided by 134?
126
Calculate the remainder when 5350 is divided by 1311.
106
Calculate the remainder when 3761 is divided by 322.
219
Calculate the remainder when 69800 is divided by 1993.
45
Calculate the remainder when 1101 is divided by 1082.
19
Calculate the remainder when 509430 is divided by 22.
20
What is the remainder when 1278 is divided by 31?
7
Calculate the remainder when 399633 is divided by 99908.
1
Calculate the remainder when 7182 is divided by 53.
27
Calculate the remainder when 4404 is divided by 19.
15
What is the remainder when 2532 is divided by 210?
12
Calculate the remainder when 9148 is divided by 1524.
4
What is the remainder when 36488 is divided by 758?
104
Calculate the remainder when 69041 is divided by 17258.
9
What is the remainder when 997 is divided by 80?
37
Calculate the remainder when 28006 is divided by 2537.
99
What is the remainder when 26067 is divided by 1767?
1329
What is the remainder when 140435 is divided by 62?
5
What is the remainder when 3759 is divided by 8?
7
What is the remainder when 8200 is divided by 1640?
0
What is the remainder when 31770 is divided by 2439?
63
Calculate the remainder when 170077 is divided by 307.
306
What is the remainder when 2705 is divided by 533?
40
Calculate the remainder when 383013 is divided by 41.
32
Calculate the remainder when 178086 is divided by 247.
246
What is the remainder when 1769 is divided by 296?
289
Calculate the remainder when 3795384 is divided by 259.
257
Calculate the remainder when 1094 is divided by 17.
6
What is the remainder when 71976 is divided by 2181?
3
What is the remainder when 13172 is divided by 258?
14
Calculate the remainder when 62187 is divided by 89.
65
What is the remainder when 262 is divided by 41?
16
What is the remainder when 29409 is divided by 156?
81
Calculate the remainder when 506545 is divided by 28139.
43
What is the remainder when 24814 is divided by 4921?
209
Calculate the remainder when 5677 is divided by 804.
49
Calculate the remainder when 267466 is divided by 14.
10
What is the remainder when 140 is divided by 120?
20
What is the remainder when 2125 is divided by 1059?
7
Calculate the remainder when 28211 is divided by 1127.
36
Calculate the remainder when 3766 is divided by 204.
94
Calculate the remainder when 235137 is divided by 78378.
3
What is the remainder when 716 is divided by 26?
14
What is the remainder when 24663 is divided by 9?
3
What is the remainder when 11062 is divided by 217?
212
What is the remainder when 4535 is divided by 1444?
203
Calculate the remainder when 333088 is divided by 7746.
10
What is the remainder when 118646 is divided by 5649?
17
What is the remainder when 20739 is divided by 66?
15
What is the remainder when 8649 